s) - 6*n(s). Give f(1).
5
Let p(n) = 3*n**2 + 2*n - 4. Let w(z) = -10*z**2 - 5*z + 13. Let t be (-158)/(-22) - 8/44. Let s(h) = t*p(h) + 2*w(h). What is s(-5)?
3
Let b(o) = -o**3 - 7*o**2 + 8*o + 4. Let i be b(-8). Let r = -5 + i. Let l(k) = -3*k + 1. What is l(r)?
4
Let h(m) = -2*m - 2. Let l(w) = 1 + 3*w - w - w. Let q be 15/3*-1*1. Let t be l(q). Calculate h(t).
6
Let s(y) = -4*y - 1. Suppose -2*i + 0*i = -10. Suppose 1 = 2*k + i. Calculate s(k).
7
Suppose 4*j = 5*j. Let h(l) = -l**2 - 11. Determine h(j).
-11
Let c(z) = z**3 + 4*z**2 - 5. Let w(h) = -h + 3. Let n be w(7). Determine c(n).
-5
Let c(p) = -p - 3. Let j be c(0). Let i(r) = 3*r + 2. Calculate i(j).
-7
Let f(n) = -n - 2. Suppose 3*v + 10 = 4*v. Let r be 6/v - (-3)/(-5). Calculate f(r).
-2
Let q(v) = -7*v - 12*v + 18*v. What is q(-6)?
6
Let t(n) be the third derivative of 0 - 1/24*n**4 + 0*n - 7/60*n**5 + 0*n**3 - 3*n**2. Determine t(1).
-8
Let x be 4/10 + 18/5. Suppose 3*q - 5*f - 10 = 0, x*q - 5*f = -2*f + 17. Let i(d) = -q*d**2 + 4 + 0 - 3 + d**3 + d. What is i(5)?
6
Let t = 84 - 77. Let z(y) = -y**2 + 10*y - 2. Give z(t).
19
Suppose 0 = 5*p - 0*b + 2*b - 12, -3*p - 2*b + 8 = 0. Let m(x) = 4 + 11*x**p - 10*x**2 - 2*x**2. Calculate m(-4).
-12
Let y(m) be the third derivative of m**5/60 - m**4/8 - 5*m**3/6 + 2*m**2. Let d be y(4). Let i(x) = -5*x**3 + x**2 - x - 1. Give i(d).
6
Let d(k) be the third derivative of -k**8/20160 - k**7/5040 + k**6/240 + k**5/30 - 4*k**2. Let z(q) be the third derivative of d(q). Determine z(-3).
-3
Let o = 19 - 24. Let z(h) = -h. Let i(l) = 2*l + 1. Let m(r) = i(r) + 3*z(r). Calculate m(o).
6
Let o(v) = -v - 2. Let c be (-3 - 7)*2/4. Give o(c).
3
Let h(n) = n**2 - 2*n. Let x(l) = l**2 + 5*l. Let b(t) = t**2 + 5*t - 1. Let c be b(-4). Let s be x(c). Suppose 3*y - 6 = -s*y. What is h(y)?
0
Let x(s) be the second derivative of s**4/12 + 7*s**2/2 + s + 6. Determine x(0).
7
Let u(w) = -4*w**2 + 3*w - 29. Let k(s) = s**2 - s + 10. Let c(r) = 7*k(r) + 2*u(r). Calculate c(0).
12
Let j be 2/(-4) - 1/(-2). Let b(x) = x**2 + 0 - 2*x**3 + j - x + 1. Let w be b(1). Let v(l) = 7*l**3 - l**2 + 1. Determine v(w).
-7
Let s(y) = 5*y + 9*y + 0*y**2 - 4 - 11*y + y**2. Determine s(-4).
0
Let v be 8 + (0 - (1 + 1)). Let i(g) = -v*g**2 + 2*g + g**3 + 8 + 0*g**3 + 13*g**2. Determine i(-7).
-6
Let z(c) be the second derivative of c**4/4 + 2*c**3/3 + 2*c**2 - 50*c. Calculate z(-3).
19
Let v(u) = -u**3 + u**2 + 4*u + 1. Let l(h) = -h**3 + 5*h**2 - h - 1. Let s be l(5). Let b be (6*(-3)/s)/1. What is v(b)?
-5
Suppose 3*h + 5*d + 1 = 3*d, 2*h + 2*d + 2 = 0. Let y(a) = 13*a**2 - a. Determine y(h).
12
Let q = 6 - 19. Let o = q - -9. Let w(y) = y + 8. Calculate w(o).
4
Let v(q) = -q**3 + 6*q**2 - 4*q - 2. Suppose 3*x - 7 = o, -o = 6*x - x - 1. Let a(f) = -f**3 - 2*f**2 + 6*f - 3. Let g be a(o). What is v(g)?
3
Let b(c) = -6*c**3 + c**2 - 2*c + 1. Suppose g - 4*r + 18 = 0, -r + 6 = 5*g - 9. Suppose -3*v - g*t = -t - 2, 4*t + 7 = 3*v. What is b(v)?
-6
Let d(o) = 2*o**2 + o + 1. Suppose -q + 4*q + 36 = 0. Let p be 6/(-2) + (-12)/(-2). Let m be (p/2)/(9/q). Give d(m).
7
Let p = -16 - -11. Let x(a) = -a**3 - 5*a**2 + a + 6. Calculate x(p).
1
Let d = -28 + 24. Let o(g) = g**3 - 6*g**2 + 2*g - 7. Let t be o(6). Let l(w) = -5*w - t*w**2 + 4*w**2 + 0 - 4. What is l(d)?
0
Let l(h) = -h**2 - 9*h - 5. Let v = 23 - 28. What is l(v)?
15
Let y(n) be the first derivative of n**3/3 + 9*n**2/2 + 7. What is y(-8)?
-8
Let h(y) be the second derivative of y**4/12 - 7*y**3/6 + 2*y**2 + y. Let b be (5 - 3)/((-2)/3). Let j be (-14)/b + (-2)/(-6). Calculate h(j).
-6
Suppose -4*o + 3*r + 10 = 0, 5*o - 2*r + 7 - 23 = 0. Let l(d) = o*d - 4*d**2 - 8 - 3*d + 5. Let s(m) = -m**2 - m - 1. Let a(g) = l(g) - 3*s(g). Calculate a(3).
3
Let r(c) be the third derivative of c**4/24 + 5*c**3/6 + 39*c**2. Give r(-4).
1
Let v(r) = -4*r + 5*r + 3*r - 5*r - 2*r**2. Let o(l) = -4*l**2 - 3*l. Let c(u) = -4*o(u) + 9*v(u). Calculate c(3).
-9
Suppose r + 2 = -0. Let n(b) = -6*b - 2. Let q(w) = 7*w + 2. Let d(j) = -4*n(j) - 3*q(j). Calculate d(r).
-4
Suppose -9*p - 2 - 25 = 0. Let y(s) = s**2 - s - 2. Calculate y(p).
10
Let p = -24 + 28. Let j(s) = -s**2 + s + 2. Calculate j(p).
-10
Let f(n) = -4*n**2 + 2*n - 7. Let i(g) = g**2 - g + 2. Let q(l) = -2*f(l) - 7*i(l). Give q(-3).
0
Let r = 9 - 16. Let k be 5/r + 4/(-14). Let a(t) be the first derivative of 3*t**2/2 - t - 14. What is a(k)?
-4
Suppose 22 = 4*u - 2. Let w(m) = 5*m**2 - 4*m + 5. Let a(j) = 9*j**2 - 8*j + 10. Let q(g) = u*a(g) - 11*w(g). Give q(-4).
5
Suppose 2*g - 18 = 2*p - 0*p, -3*p - 7 = 2*g. Let s(c) = c + 4. Determine s(g).
8
Let m(s) = -s - 5. Let r(o) = -o + 1. Let f(c) = c - 8. Let a(t) = f(t) + 2*r(t). Let x(k) = 6*a(k) - 7*m(k). Let n be 16/10 + 2/5. Determine x(n).
1
Let q(h) = -3*h**2 + 3*h - h**3 + 0*h**2 - 4*h. Let g(y) = -y**3 - 4*y**2 + 2*y + 6. Let u be g(-4). What is q(u)?
-2
Let x(j) = -4*j. Let a be 6 - 259/42 - 10/12. What is x(a)?
4
Let f be (-56)/(-12)*(-6)/(-4). Suppose 0 = -2*c - 7 - f. Let b = 5 + c. Let q(w) = -3*w - 1. What is q(b)?
5
Let w(x) = x**3 - 5*x**2 + 2*x + 2. Let m = 10 - 5. Suppose -m = 4*i + 15. Let g = 9 + i. Determine w(g).
-6
Let k(x) = -x**3 - x**2 + x + 10. Suppose 0*j = 2*a + 5*j - 5, 3 = -2*a + 3*j. Calculate k(a).
10
Suppose -3 = k - 7. Let g(x) be the second derivative of x**4/24 - 3*x**3/2 - x**2 - x. Let c(z) be the first derivative of g(z). Determine c(k).
-5
Let f(j) be the second derivative of -j**5/20 + 5*j**4/12 - j**3/6 + 5*j**2/2 - 4*j - 8. Calculate f(5).
0
Let l(v) = -2*v + 5. Let z(n) = -n**2 + 14*n - 7. Let i be z(13). Give l(i).
-7
Let q(x) = -x + 19. Let p(v) = -1. Let a(w) = -5*p(w) - q(w). Determine a(6).
-8
Let w(d) be the second derivative of 0 + 3/2*d**2 - 1/2*d**3 - d - 1/12*d**4. What is w(-4)?
-1
Let v(z) be the third derivative of -z**7/5040 - z**6/72 - z**5/12 - 5*z**2. Let m(q) be the third derivative of v(q). Let a be (-2 + 3)*-5*1. Calculate m(a).
-5
Let d(u) = 5*u**3 - 12*u**3 - 2*u**2 - 3 + 3*u + 5 + 2*u**3. Determine d(-2).
28
Let w(h) = -5*h**2 + 15*h - 1. Let m(l) be the second derivative of -l**4/6 + 5*l**3/6 - 7*l. Let i(s) = -8*m(s) + 3*w(s). Give i(-4).
-7
Let c be (-1)/((-33)/(-12) - 3). Let z(j) be the third derivative of 0*j**3 - 2*j**2 - 1/20*j**6 - 1/24*j**c + 0 + 1/60*j**5 + 0*j. Give z(1).
-6
Let t = 3 + -3. Suppose 5*q + 4*w + 14 = 4*q, 5*q + w - 6 = t. Let d(r) = 4*r**2 + 5 - q*r - r - 4 - r**3. Calculate d(2).
3
Let m(r) = -r**3 + 7*r**2 + r - 4. Let k be m(7). Let w(c) = 2*c**2 + c**3 + 1 - 2*c**2 + k*c**2 - c. Calculate w(-2).
7
Suppose 0*w - 2*w - 8 = 0. Let v be (2 - -1)*w/(-3). Let u(t) = t**3 - 4*t**2 + 3*t - 5. What is u(v)?
7
Let v(q) = q - 11. Suppose 9 = -3*h, 0*g = 3*g - 5*h - 39. Give v(g).
-3
Let c(t) = -t**2 - 6*t + 2. Let o be c(-6). Let l(k) = k**3 - 2*k - 3*k**2 - 2*k**3 + 6*k**2 + 3 - k**3. Give l(o).
-5
Suppose -25 = -6*z + z. Suppose q = z - 3. Let s = 5 - q. Let d(r) = -r**2 + 2*r. Calculate d(s).
-3
Let n(g) = -g**2. Let m(w) = -3*w**2 + 0*w**2 + w**2 - 1. Let b(i) = -m(i) + 3*n(i). Determine b(-3).
-8
Let t(g) be the third derivative of g**6/120 - 7*g**5/60 + 3*g**4/8 - 3*g**3/2 + g**2. Let x = -87 - -93. Determine t(x).
9
Suppose -3*c - 2*c + 15 = 0. Let q(r) = -2*r + 1. Let g be q(c). Let z(u) be the first derivative of u**2/2 + 6*u - 1. What is z(g)?
1
Let k = -13 - -17. Let m(a) = a**3 - 6*a**2 + 6*a - 1. Calculate m(k).
-9
Let h(s) be the first derivative of 5/2*s**2 - 3 - 4*s - 1/3*s**3. What is h(6)?
-10
Let v(n) = 2*n**2 - 9*n. Let q be v(4). Let f(l) = -l**3 - 4*l**2 + 2*l - 3. Determine f(q).
-11
Suppose -9*p = -3*p + 12. Let v(z) = -z**3 + z**2 + 4*z + 3. What is v(p)?
7
Let q(s) = 5 + 3 - 4*s**2 + 2*s**2 - 6. Determine q(2).
-6
Let c(i) = 3*i**2 - 5*i - 1. Let w(f) = 2*f**2 - 4*f - 2. Let u(m) = -3*c(m) + 4*w(m). Let v(j) = -j**2 - j - 2. Let s(q) = -2*u(q) + 5*v(q). Determine s(-2).
-6
Let o be ((-4)/(-6))/(4/30). Let t(p) = -p**3 + 6*p**2 - 4*p - 3. Calculate t(o).
2
Suppose -2*u = 3*o + 26, o + 33 = -3*o - 3*u. Let c = -7 - o. Let r(g) = 7*g + 7. Let q(a) = 4*a + 4. Let z(m) = 5*q(m) - 3*r(m). What is z(c)?
-6
Let x(o) = -4 + 5 - 3*o + 2*o**2 + 4*o**2 - 5*o**2. Give x(2).
-1
Let m(o) = -o**3 + 11*o**2 - o + 9. Let f(a) = -9*a + 92. Le